(-9)/(-3))*2?
4
Let p = 12321 + -6782. What is the tens digit of p?
3
Let z = 12207 - 7828. What is the tens digit of z?
7
Let l be (136/(-6))/(((-64)/24)/8). What is the units digit of 8/76 - l/(-76)?
1
Let d = 5763 - 1525. What is the units digit of d?
8
Let y = 104 - 104. Suppose y = 8*h - 485 - 123. What is the tens digit of h?
7
Let v(r) = 988*r - 4973. What is the tens digit of v(9)?
1
Let h be (-4)/10*(-7 - (9 + -6)). Suppose -5*x = -4*i - 334, h*x = 7*i - 3*i + 268. What is the units digit of x?
6
Let c = -14772 + 27407. What is the thousands digit of c?
2
Suppose -4*h = -16929 - 17511. What is the thousands digit of h?
8
Suppose 86*d = 281*d + 264*d - 5672322. What is the units digit of d?
8
Let o(w) = -4*w**3 - 62*w**2 - 43*w - 78. What is the hundreds digit of o(-22)?
4
Suppose 0 = -3*v + i + 36554, -22*i + 21*i = v - 12182. What is the hundreds digit of v?
1
Let t(v) = -11*v**3 - v**2 + 16*v - 40. Let s be t(10). What is the units digit of s/61*(-2)/6?
0
Suppose 4*m + c = 30130, -20*m + 23*m - 22629 = -6*c. What is the units digit of m?
1
Suppose -5*h - 2*s - 24 = 0, -5*h + 4*s + 8 = 50. Let w(m) = -11*m**2 + 5*m + 1. Let u be w(h). Let q = -209 - u. What is the tens digit of q?
1
Let t(h) = -49*h - 77. Let j(o) = -o**3 + 12*o**2 - 8*o + 4. Let s be j(12). Let c = s - -86. What is the tens digit of t(c)?
1
What is the units digit of 2 + -14 + (-199500)/(-35)?
8
Let o be 1318/(-2*(2 + (-4 - -3))). Let f = -429 - o. What is the tens digit of (-15)/(4 + 1) + f?
2
Let f = -6649 + 11054. What is the hundreds digit of f?
4
Let z be ((-2)/(-6))/(12/108). Let h be (7/z)/(26/156). What is the tens digit of ((-9)/6)/((-1)/h)?
2
Let l = -1835 + 6828. What is the thousands digit of l?
4
Let b = 31 - 33. Let m(s) = s**3 + 8*s**2 - 8*s + 5. Let x(g) = 6*g**3 + 39*g**2 - 40*g + 25. Let u(f) = b*x(f) + 11*m(f). What is the units digit of u(8)?
9
Suppose 4*b - 54 + 238 = 0. Let w = -15 - b. Suppose -5*p - 5*s = -690, -4*s + w = 2*p - 255. What is the units digit of p?
3
Let m = 6600 + -6474. What is the units digit of m?
6
Let f = 18568 + -10782. What is the units digit of f?
6
Let n = 1155 + -738. What is the tens digit of n?
1
Let o be 3 - (15/(-2) - 1)*2. Suppose 43*q = 41*q - o. What is the hundreds digit of (-2)/5 - 1034/q?
1
Suppose 3*u - 87772 = -4*p, -549*u - 43898 = -2*p - 552*u. What is the tens digit of p?
3
Suppose -3*a = 5*k + 9, a - 4*k = -3*k + 5. Let l(h) = 95*h**3 - 5*h**2 + 5*h - 1. What is the hundreds digit of l(a)?
7
Suppose -4*m - 542 = -62. What is the tens digit of 2/(-10) + (-34584)/m?
8
Let g = 82 + -77. Suppose -3*s + 4 - 1 = 0, 2*q = g*s - 5. Suppose 2*c + 5*c - 651 = q. What is the tens digit of c?
9
Suppose -10*j + 154 = 12*j. Suppose -5*f + 5*w = -1250, -j + 2 = -5*w. What is the tens digit of f?
5
Suppose -4*j - j = 3*m - 338, j - 4*m - 86 = 0. Suppose 0 = 2*n - 3*i - 70 - j, -4*n + 5*i + 282 = 0. What is the units digit of n?
3
Let s = 21642 + -15269. What is the tens digit of s?
7
Let y = -11050 + 21459. What is the units digit of y?
9
Let g(p) = -p**3 + 17*p**2 + 16*p + 12. Suppose 4*z + 41 = 3*n - 22, 4*n - 77 = 3*z. What is the tens digit of g(n)?
8
Let h(b) = -b**3 - 12*b**2 + 10*b - 23. Suppose 16*v - 62 + 478 = 0. Let l be ((-41)/41)/((-2)/v). What is the units digit of h(l)?
6
Let v(t) = 89*t**2 + 30*t + 57. Let g(y) = -91*y**2 - 31*y - 57. Let q(a) = 2*g(a) + 3*v(a). What is the hundreds digit of q(-2)?
3
Let z(i) = i**3 - 15*i**2 + i - 18. Let c be z(15). Let p be (13 + -10)*(-355)/c. Suppose 0 = -5*m + p - 20. What is the units digit of m?
7
Let y(n) = 20*n**2 - 70*n + 1574. What is the tens digit of y(24)?
1
Let l = 460 - -720. Let t(h) = 24*h + 108. Let i be t(-5). What is the units digit of (-6)/(-9) - l/i?
9
Suppose 0 = -4*d + 5*y + 38019, 5*d - 4*d + 5*y = 9486. What is the units digit of d?
1
Suppose 0 = -4*f + 2*q + 39336, -29512 = -3*f + 80*q - 81*q. What is the thousands digit of f?
9
Suppose 3*s = -s + 12. Let v(u) = 1646*u - 18098. Let t be v(11). Suppose -5*y + 220 = 5*i, t*y = i + s*y - 62. What is the units digit of i?
7
Let v(h) = h**3 + 10*h**2 + 4*h + 5. Let o be v(-10). Let u = o + 114. What is the units digit of u?
9
Suppose 4*l - 5*p + 3*p - 482 = 0, -4 = 4*p. Let x = -115 + l. What is the tens digit of -266*(24/60)/((-4)/x)?
3
What is the tens digit of ((-5584)/(-10))/(7/6*(-800)/(-7000))?
8
Suppose 26*p + 10*p - 16*p = 10640. What is the hundreds digit of p?
5
Suppose -123 = -3*v + 5*q + 119, v - 78 = 3*q. Let s be (-14)/(-4) + 7/(v/(-18)). Suppose -2*i = s*i - 388. What is the units digit of i?
7
Suppose 0 = 2*p + 4*i + 24, -3*p + 3*i + 7 = -2. Let x = 3 + 377. What is the units digit of -6*(x/(-12) - p)?
8
Let k = 18 - 19. Let o be (0 - 9/(-6))/(k/(-2)). Suppose -3*p + 5*w = -48 - o, -2*p - 5*w + 34 = 0. What is the units digit of p?
7
What is the hundreds digit of (12 + 17296/69)*102?
7
Let g = 47 - 45. Suppose g*v = v + 183. Suppose -23*q = -20*q - v. What is the units digit of q?
1
Let w = 65923 - 22140. What is the tens digit of w?
8
What is the hundreds digit of (-17928)/(-87) + (-16)/232?
2
Suppose -25 = 7*h + 59. Let i(n) = -3*n - 33. Let r be i(h). Suppose 20 = -5*u, 2*k + r*u = 60 + 238. What is the tens digit of k?
5
Let c(d) = 35*d**2 - d. Let a be c(-2). Suppose -2*q = -4*s - 136, 4*s - 82 - a = -4*q. What is the units digit of q?
0
Let b = 3876 - 2489. What is the tens digit of b?
8
Let a = -14 + 0. What is the units digit of 15/(-105) + (-10362)/a?
0
Let a(z) = 2*z**3 - 5*z**2 - 6*z + 12. Let y be 22/(-4) - (-2 - 3/(-2)). Let p(o) = o**3 + 6*o**2 + 3*o - 5. Let h be p(y). What is the hundreds digit of a(h)?
1
Let u(c) = -384*c - 2478. What is the units digit of u(-36)?
6
What is the ten thousands digit of (91698/957 + 4/22)*749/3?
2
Suppose 3*j - 16 = x - 30, -4*x = 2*j - 70. Suppose -5*i - 10524 = -x*i. What is the tens digit of i?
7
Let j be (-21)/(-63) + (-7)/3. Let z be (j + 3 - -2) + (-2)/(-2). Suppose 3*p - z*w - 132 = -p, -10 = 2*w. What is the units digit of p?
8
Suppose -361313 = -4*l + 1547*r - 1548*r, -3*l - 3*r = -270996. What is the ten thousands digit of l?
9
Let j(b) = -b**3 + 58*b**2 - 15*b + 14. What is the thousands digit of j(16)?
0
Let a(u) be the third derivative of -u**6/120 - u**5/5 + u**4/2 - 5*u**3/2 - 2*u**2. Let h be a(-13). What is the units digit of (2 - 0) + 117 + h?
7
What is the thousands digit of (-1411128)/(-329) + -1*(-3)/(-21)?
4
What is the thousands digit of 2/(-6) + (-200)/16*(-45544)/15?
7
Let f = 10431 + -5822. Let k = f + -3064. What is the units digit of k?
5
Let p be ((-255)/(-2))/(6/(-16)*-2). Suppose 6*h + p = 1220. What is the units digit of h?
5
Suppose -2*b = -4*b - v + 43, -b + 26 = 5*v. What is the units digit of 1532 - 2*b/7?
6
Suppose -320*q + 276 = -317*q. What is the units digit of (23/q)/((-1)/(-1016))?
4
Let o(u) = 3*u**3 - 15*u**2 + 12*u - 13. Let j be o(-9). Let m = -2444 - j. What is the hundreds digit of m?
0
Let i be (2 + 36/(-5))*-5. Suppose h - i = 94. Let u = h - -60. What is the tens digit of u?
8
Let b(p) = -9*p**3 + 71*p**2 + 930*p - 12. What is the hundreds digit of b(-16)?
1
Suppose -5 = 5*o, 5*g + o + 163 = 7*g. Suppose -g*f - 552 = -84*f. What is the tens digit of f?
8
Let q(d) = -d**3 + d - 3. Let x be q(3). Let h be 212 + (4/18 - (-60)/x). Suppose -10*l + 3*l + h = 0. What is the units digit of l?
0
Let k = -176 - -171. Let d(l) = -81*l + 24. What is the hundreds digit of d(k)?
4
Suppose 83*h - 478435 - 64499 = 1265221. What is the tens digit of h?
8
Let u = -60 - -65. Suppose 0*l = 2*l + 2*d + 22, -u*l - 4*d = 50. Let h(q) = -22*q - 25. What is the hundreds digit of h(l)?
1
What is the tens digit of (78/4)/((-6)/2424*6/(-13))?
6
Suppose 4*a - 22326 = 2*y, -11173 = -9*a + 7*a + 3*y. What is the hundreds digit of a?
5
Suppose b - 7807 = a + 11273, 3*b - a - 57242 = 0. What is the thousands digit of b?
9
Let v = -216 + 510. Let j be ((-7)/2)/(1498/(-856)). Suppose -j*a = -2*f - v, -2*a + 294 = -0*a + 4*f. What is the units digit of a?
7
Let l(a) = 10*a + 45. Let r be l(-4). What is the tens digit of 54/r + 28/(-35)?
1
Suppose 3*m = -5*f - 4031, 5*m - 3552 = 4*f - 305. Let z = f + 1338. What is the hundreds digit of z?
5
Suppose 2*q = 3*b + 123310, 64*b = -q + 68*b + 61650. What is the units d